in base 12?
32b438
1564027 (base 11) to base 4
22023312333
-145015 (base 6) to base 5
-422201
What is -23087440 (base 9) in base 4?
-222302310210
-29a14a6 (base 11) to base 14
-97b72a
Convert 10661316 (base 7) to base 13.
26b6c5
Convert 34756 (base 9) to base 14.
8665
Convert -2144406 (base 7) to base 8.
-1002163
Convert 11210022120 (base 4) to base 16.
164298
Convert -2045033 (base 6) to base 4.
-120110031
-121919 (base 11) to base 15
-3c1b8
1500023 (base 7) to base 9
336612
Convert 4b2583a (base 12) to base 8.
70146156
What is -2b56 (base 13) in base 2?
-1100010110100
What is 7c68d (base 14) in base 10?
303141
Convert 1101001111111111 (base 2) to base 14.
15ac7
What is -1512024 (base 6) in base 13?
-3095b
Convert 101001101101111010111 (base 2) to base 12.
55b107
Convert -808127 (base 10) to base 8.
-3052277
Convert 403406 (base 10) to base 15.
7e7db
Convert 904155 (base 12) to base 5.
1033342414
What is -103452015 (base 7) in base 3?
-102122212121200
Convert -a0133c (base 13) to base 14.
-6ca181
What is -113012210 (base 4) in base 10?
-94628
-10010001110 (base 3) to base 8
-167533
What is -3653c (base 15) in base 3?
-22210201210
What is -467666 (base 8) in base 12?
-7849a
What is 1381454 (base 11) in base 6?
122513232
Convert -446605 (base 9) to base 11.
-172915
1410a4 (base 11) to base 14
5a7c0
Convert 478677 (base 9) to base 14.
771dd
Convert 2b37a8 (base 12) to base 6.
23405132
Convert -100442551 (base 6) to base 2.
-110100011000101000011
What is -302212 (base 8) in base 11?
-68804
Convert 534765 (base 10) to base 14.
dcc57
Convert 22105144 (base 6) to base 13.
1a24a1
What is -222121110110 (base 3) in base 15?
-a52c3
-665b9 (base 13) to base 9
-312461
Convert -11011011001110000 (base 2) to base 4.
-123121300
What is 122100100301 (base 4) in base 8?
32202061
Convert -3ded25 (base 16) to base 5.
-2014332110
What is -2012a2 (base 13) in base 7?
-6222515
What is 3372212 (base 9) in base 11?
1032732
1570823 (base 9) to base 11
547123
What is 51756 (base 11) in base 2?
10010011010110100
Convert -6c62c (base 16) to base 9.
-745875
Convert 1101001000101101000001 (base 2) to base 9.
6427554
What is 674b7 (base 15) in base 16?
502ff
What is 5404 (base 8) in base 12?
1770
1413c1 (base 13) to base 15
99a9d
-11444032 (base 5) to base 6
-2201511
What is -406534 (base 10) in base 3?
-202122122211
-2230914 (base 10) to base 5
-1032342124
Convert -2356047 (base 8) to base 12.
-271b47
Convert 5441326 (base 7) to base 9.
1224011
What is 22020020121 (base 3) in base 15?
33011
What is -4157131 (base 9) in base 7?
-24615361
What is -2201231302 (base 5) in base 13?
-c8c655
-51465 (base 7) to base 13
-5967
246254 (base 8) to base 6
1454140
34537 (base 14) to base 15
27a88
What is -6254aa1 (base 11) in base 5?
-10311000233
Convert -34661216 (base 8) to base 3.
-112020011221021
Convert 9b8e42 (base 15) to base 12.
259a9b2
-4d4f4a (base 16) to base 15
-6a1315
Convert 3230210202 (base 4) to base 9.
1736180
What is 243737 (base 10) in base 6?
5120225
Convert -755651 (base 8) to base 9.
-424744
Convert -322735 (base 8) to base 7.
-626601
What is cb1b6 (base 15) in base 12?
271339
Convert 375102 (base 8) to base 16.
1fa42
Convert -24a8a7 (base 15) to base 4.
-12230330131
2215865 (base 9) to base 5
301120033
18153366 (base 9) to base 4
202310232021
Convert -1011000110001010100000 (base 2) to base 8.
-13061240
-170037 (base 8) to base 5
-3431341
What is -a0f96 (base 16) in base 5?
-132044400
Convert 1210111300 (base 4) to base 10.
410992
-141000103 (base 5) to base 9
-1314872
What is -974d7 (base 16) in base 10?
-619735
Convert -4336067 (base 8) to base 7.
-12610421
What is 1f5da (base 16) in base 2?
11111010111011010
Convert 3a903 (base 16) to base 13.
8524c
What is -b7ab7a (base 15) in base 7?
-134215150
-16a97a (base 11) to base 4
-1000103113
Convert -15777230 (base 10) to base 4.
-330023313032
What is -10100221020 (base 4) in base 12?
-45a320
Convert 153034310 (base 6) to base 15.
43a470
What is -2655420 (base 7) in base 11?
-21a016
49085 (base 16) to base 11
194827
410365 (base 8) to base 11
92813
Convert 1002021211 (base 3) to base 16.
5368
-27dd0 (base 14) to base 8
-300722
Convert 18853a (base 12) to base 4.
1220303332
Convert 219643 (base 10) to base 8.
654773
What is -3647733 (base 11) in base 4?
-120032032321
-b7bc9 (base 13) to base 16
-50f36
11100001010100010101 (base 2) to base 9
1655875
What is -22186 (base 16) in base 5?
-13432104
Convert -4891 (base 13) to base 3.
-112001221
Convert -e2df2 (base 16) to base 8.
-3426762
32b0b (base 16) to base 14
55947
Convert -2b7ba (base 13) to base 6.
-1434305
-243385 (base 12) to base 14
-113965
3a2848a (base 11) to base 5
3240400310
-327304 (base 10) to base 14
-873cc
Convert 6096a (base 14) to base 16.
38ba2
-3322515 (base 8) to base 15
-129e90
-30796c (base 13) to base 12
-466531
4161632 (base 9) to base 11
128aaa2
What is 3870828 (base 10) in base 12?
1368090
-22032113 (base 4) to base 3
-2010110002
Convert 1011115 (base 11) to base 13.
4a78c1
-128c2 (base 14) to base 13
-17a0c
What is 2045515 (base 7) in base 9?
415574
Convert 16012464 (base 7) to base 16.
17635e
Convert -30a8147 (base 11) to base 9.
-11260043
Convert 7162546 (base 8) to base 16.
1ce566
Convert -4124312 (base 5) to base 16.
-10781
Convert 252117 (base 8) to base 7.
511664
What is -7b82ca (base 13) in base 16?
-2cba66
Convert 26e76 (base 16) to base 8.
467166
What is 5bd4f (base 16) in base 13?
102291
Convert -2353 (base 14) to base 11.
-4690
Convert 6d3b31 (base 14) to base 10.
3736783
b4f0e (base 16) to base 9
1348572
What is -101012220002 (base 3) in base 6?
-4151045
464445 (base 7) to base 9
136153
Convert 149014 (base 10) to base 16.
24616
Convert 504530415 (base 6) to base 10.
8627627
Convert -10011001110010101111 (base 2) to base 7.
-5232355
What is -3583a (base 14) in base 10?
-130588
-41a07 (base 14) to base 7
-1226510
What is -436a69 (base 11) in base 9?
-1272576
Convert -1111010110000011111 (base 2) to base 13.
-147b31
What is 6b7795 (base 16) in base 7?
113602266
Convert 112101211101 (base 3) to base 9.
471741
Convert 48378 (base 10) to base 15.
e503
What is 211204233 (base 6) in base 4?
32013320331
Convert -6282018 (base 9) to base 3.
-20022202000122
-1003303245 (base 6) to base 10
-10241741
What is 15714 (base 10) in base 15?
49c9
210035025 (base 6) to base 3
20212010211122
Convert 11011010110010100 (base 2) to base 6.
2222340
Convert -321335221 (base 6) to base 16.
-56931d
What is -3401234 (base 5) in base 12?
-2a581
1012220231 (base 4) to base 11
188413
-126530 (base 10) to base 2
-11110111001000010
What is 40335354 (base 6) in base 5?
243220212
Convert 804a6 (base 13) to base 8.
677664
-8a4a (base 16) to base 5
-2113102
Convert 417685 (base 12) to base 3.
1221021200202
What is 101101101101011010 (base 2) in base 10?
187226
Convert 88a681 (base 11) to base 7.
15031645
What is -3262948 (base 11) in base 9?
-11700836
What is -9a1a0 (base 11) in base 16?
-2379e
Convert 1309bc (base 13) to base 16.
6ff9c
32042241 (base 5) to base 4
1001202132
a31068 (base 11) to base 14
311622
Convert 132222404 (base 5) to base 10.
664104
What is -d904 (base 16) in base 13?
-1c397
What is 1113100 (base 6) in base 10?
56412
Convert -302110 (base 11) to base 12.
-1b5277
What is 139b778 (base 15) in base 16?
d81cf4
Convert -2143310243 (base 5) to base 16.
-4733d3
What is -33300220 (base 5) in base 11?
-18943a
What is -11021000220100 (base 3) in base 2?
-1000101000110010001010
-209588a (base 12) to base 5
-3034342430
1100011010010010000010 (base 2) to base 11
1922347
94822b (base 13) to base 16
3501a8
Convert -14fbb (base 16) to base 15.
-1a6ec
-5460162 (base 7) to base 10
-669972
What is 220202 (base 5) in base 14?
2a76
What is 65ba1 (base 14) in base 12?
ba7a9
Convert -1a949 (base 16) to base 4.
-122211021
Convert -4214425 (base 6) to base 16.
-31ed1
-113123001331 (base 4) to base 7
-103121650
Convert -13040330 (base 5) to base 9.
-214016
Convert 100111110011010111011 (base 2) to base 10.
1304251
What is 1894e (base 16) in base 14?
2899c
What is 217661 (base 8) in base 9?
122022
31133111322 (base 4) to base 10
3536250
What is 21025304 (base 6) in base 8?
2250010
935a8 (base 14) to base 10
355104
-275240 (base 12) to base 3
-1020010002110
What is 515